 -10 (base 3) in base 9?
-3
-100001 (base 2) to base 3
-1020
-9 (base 13) to base 8
-11
What is 11 (base 6) in base 7?
10
What is a4 (base 13) in base 5?
1014
What is -1 (base 3) in base 4?
-1
Convert -1234 (base 5) to base 13.
-11c
Convert 21 (base 4) to base 10.
9
-120 (base 4) to base 5
-44
What is -20 (base 3) in base 14?
-6
What is 13 (base 5) in base 15?
8
What is -6 (base 12) in base 10?
-6
16 (base 16) to base 14
18
Convert 172 (base 8) to base 14.
8a
Convert -11 (base 4) to base 11.
-5
Convert -17 (base 16) to base 15.
-18
What is 7 (base 9) in base 3?
21
Convert 18 (base 13) to base 12.
19
-115 (base 6) to base 10
-47
Convert -2 (base 11) to base 7.
-2
-10 (base 7) to base 13
-7
Convert -10011 (base 2) to base 14.
-15
Convert -250 (base 6) to base 9.
-123
-5d (base 15) to base 12
-74
What is -2120 (base 3) in base 13?
-54
What is 0 (base 13) in base 4?
0
What is -3 (base 14) in base 15?
-3
a (base 14) to base 8
12
Convert -13 (base 13) to base 7.
-22
2 (base 9) to base 16
2
34 (base 8) to base 6
44
What is -2 (base 4) in base 14?
-2
Convert -4 (base 14) to base 10.
-4
-2 (base 13) to base 7
-2
Convert -79 (base 13) to base 10.
-100
What is 304 (base 5) in base 4?
1033
Convert 232 (base 5) to base 6.
151
Convert -10 (base 8) to base 5.
-13
What is 111 (base 8) in base 2?
1001001
-1 (base 5) to base 2
-1
-19 (base 11) to base 5
-40
11 (base 6) to base 2
111
100110 (base 2) to base 5
123
Convert -1cc (base 13) to base 9.
-414
What is 33 (base 8) in base 9?
30
23 (base 8) to base 3
201
5a (base 14) to base 11
73
What is -4 (base 12) in base 14?
-4
Convert -3 (base 13) to base 11.
-3
-141 (base 8) to base 3
-10121
-1 (base 4) to base 5
-1
What is -1150 (base 6) in base 15?
-13c
What is -3 (base 14) in base 15?
-3
What is 7 (base 16) in base 6?
11
1 (base 11) to base 9
1
50 (base 15) to base 4
1023
Convert -1 (base 8) to base 13.
-1
-1 (base 9) to base 6
-1
Convert -5 (base 13) to base 8.
-5
-11 (base 10) to base 13
-b
What is -16 (base 12) in base 3?
-200
What is -5 (base 8) in base 13?
-5
Convert 3 (base 7) to base 16.
3
17b (base 12) to base 13
155
Convert 111 (base 2) to base 9.
7
-17 (base 16) to base 14
-19
What is -1 (base 10) in base 4?
-1
What is 10 (base 4) in base 15?
4
What is -6 (base 11) in base 5?
-11
-40 (base 9) to base 8
-44
Convert 1013 (base 4) to base 13.
56
Convert 1010 (base 2) to base 6.
14
What is 22 (base 13) in base 11?
26
Convert 34 (base 6) to base 8.
26
Convert -10010000 (base 2) to base 9.
-170
Convert 2a (base 16) to base 7.
60
What is -105 (base 8) in base 11?
-63
What is 34 (base 5) in base 12?
17
What is -2 (base 12) in base 10?
-2
What is 8 (base 14) in base 16?
8
-21 (base 6) to base 14
-d
What is 0 (base 10) in base 12?
0
What is 2 (base 8) in base 10?
2
1 (base 4) to base 16
1
What is 31 (base 6) in base 7?
25
2 (base 16) to base 14
2
Convert 3 (base 13) to base 11.
3
Convert -31 (base 7) to base 12.
-1a
What is -4 (base 13) in base 7?
-4
What is -102 (base 4) in base 16?
-12
Convert 1001 (base 2) to base 14.
9
Convert 95 (base 10) to base 15.
65
What is 207 (base 8) in base 15?
90
Convert 18 (base 13) to base 10.
21
What is -1 (base 4) in base 12?
-1
What is -4 (base 12) in base 10?
-4
Convert 127 (base 8) to base 5.
322
What is -37 (base 8) in base 9?
-34
What is -77 (base 10) in base 15?
-52
0 (base 13) to base 8
0
Convert 12 (base 6) to base 13.
8
Convert 100011 (base 2) to base 13.
29
What is 17 (base 9) in base 16?
10
What is -3 (base 16) in base 3?
-10
Convert 9c (base 14) to base 6.
350
What is -8 (base 15) in base 6?
-12
Convert -4 (base 12) to base 15.
-4
Convert 12 (base 6) to base 11.
8
-200 (base 3) to base 12
-16
What is -26 (base 16) in base 7?
-53
Convert 4 (base 6) to base 4.
10
3 (base 9) to base 7
3
-1f (base 16) to base 3
-1011
-16 (base 15) to base 3
-210
Convert 5 (base 7) to base 10.
5
4 (base 15) to base 4
10
Convert -4 (base 6) to base 16.
-4
-7 (base 15) to base 12
-7
What is 25 (base 9) in base 15?
18
a (base 14) to base 7
13
0 (base 5) to base 8
0
222 (base 5) to base 11
57
Convert -7 (base 13) to base 11.
-7
11 (base 6) to base 10
7
What is -11 (base 7) in base 15?
-8
Convert 8 (base 12) to base 16.
8
0 (base 3) to base 16
0
What is -5 (base 7) in base 5?
-10
Convert -20 (base 6) to base 7.
-15
Convert -4 (base 6) to base 5.
-4
Convert -3f (base 16) to base 13.
-4b
What is 2 (base 13) in base 7?
2
-8 (base 13) to base 15
-8
What is -3a (base 11) in base 4?
-223
-288 (base 9) to base 13
-158
What is -1 (base 11) in base 13?
-1
What is 2 (base 11) in base 13?
2
Convert 2a (base 15) to base 13.
31
What is 87 (base 13) in base 7?
216
Convert -100 (base 5) to base 12.
-21
-16 (base 8) to base 15
-e
What is -2 (base 8) in base 15?
-2
Convert -303 (base 7) to base 15.
-a0
Convert 10100100 (base 2) to base 8.
244
2 (base 11) to base 2
10
Convert 135 (base 10) to base 2.
10000111
What is -5 (base 9) in base 11?
-5
What is -14 (base 6) in base 13?
-a
Convert -3 (base 4) to base 14.
-3
-10 (base 6) to base 16
-6
Convert 0 (base 9) to base 10.
0
What is 131 (base 9) in base 2?
1101101
-8 (base 9) to base 4
-20
1 (base 13) to base 14
1
Convert -421 (base 7) to base 9.
-254
Convert -101 (base 8) to base 6.
-145
6 (base 8) to base 15
6
-10 (base 4) to base 5
-4
What is 12 (base 4) in base 10?
6
Convert -3 (base 8) to base 15.
-3
What is -21 (base 10) in base 14?
-17
37 (base 15) to base 12
44
-1201 (base 5) to base 7
-341
What is 8 (base 14) in base 7?
11
110 (base 3) to base 2
1100
6 (base 9) to base 7
6
What is -22 (base 5) in base 11?
-11
What is -1 (base 4) in base 9?
-1
What is -78 (base 16) in base 10?
-120
What is -4d (base 15) in base 6?
-201
10 (base 5) to base 7
5
Convert d (base 15) to base 5.
23
What is 241 (base 6) in base 9?
117
52 (base 13) to base 2
1000011
Convert -5 (base 10) to base 6.
-5
Convert 0 (base 14) to base 12.
0
What is -2 (base 4) in base 3?
-2
What is -24 (base 9) in base 3?
-211
What is -1110110 (base 2) in base 4?
-1312
What is -33 (base 5) in base 13?
-15
What is 11 (base 7) in base 11?
8
110010 (base 2) to base 13
3b
What is c (base 16) in base 3?
110
Convert -9 (base 14) to base 5.
-14
What is 44 (base 13) in base 14?
40
What is -5 (base 11) in base 2?
-101
What is 110 (base 5) in base 7?
42
Convert 22 (base 4) to base 14.
a
What is -24 (base 12) in base 3?
-1001
5 (base 14) to base 12
5
What is -11 (base 8) in base 2?
-1001
-4 (base 14) to base 5
-4
-11 (base 2) to base 14
-3
Convert -1100011 (base 2) to base 7.
-201
What is 122 (base 6) in base 12?
42
Convert 22 (base 4) to base 12.
a
Convert -10 (base 3) to base 11.
-3
Convert 2 (base 4) to base 13.
2
ba (base 16) to base 2
10111010
-9 (base 15) to base 6
-13
Convert 11 (base 3) to base 15.
4
What is -119 (base 11) in base 13?
-ab
What is -48 (base 10) in base 7?
-66
30 (base 13) to base 6
103
4a (base 15) to base 16
46
Convert -5 (base 12) to base 8.
-5
What is -64 (base 10) in base 8?
-100
What is -33 (base 8) in base 6?
-43
What is -c (base 15) in base 12?
-10
What is 1 (base 10) in base 9?
1
1 (base 8) to base 10
1
What is -1c (base 16) in base 8?
-34
What is 9 (base 14) in base 11?
9
33 (base 6) to base 15
16
Convert -5 (base 16) to base 15.
-5
-113 (base 6) to base 14
-33
What is -3 (base 5) in base 11?
-3
What is -311 (base 5) in base 4?
-1101
Convert 20 (base 6) to base 7.
15
6 (base 15) to base 16
6
What is 1433 (base 6) in base 8?
575
What is 7 (base 12) in base 2?
111
What is 136 (base 9) in base 10?
114
Convert 26 (base 10) to base 14.
1c
Convert -2 (base 9) to base 2.
-10
Convert -b5 (base 16) to base 8.
-265
-9f (base 16) to base 6
-423
-2111 (base 3) to base 11
-61
10100 (base 2) to base 11
19
Convert -131 (base 4) to base 10.
-29
What is ac (base 14) in base 2?
10011000
What is -8 (base 10) in base 11?
-8
What is 10a (base 11) in base 15?
8b
What is 147 (base 8) in base 10?
103
What is -69 (base 10) in base 15?
-49
Convert 7 (base 10) to base 4.
13
1c (base 14) to base 5
101
135 (base 14) to base 16
f3
-40 (base 14) to base 10
-56
What is 0 (base 6) in base 5?
0
-75 (base 16) to base 8
-165
What is 27 (base 12) in base 3?
1011
What is 8 (base 15) in base 14?
8
Convert -1d (base 16) to base 15.
-1e
What is 103 (base 5) in base 6?
44
Convert -74 (base 13) to base 15.
-65
What is 7